{"id":106,"date":"2016-01-27T21:39:08","date_gmt":"2016-01-27T20:39:08","guid":{"rendered":"http:\/\/www.asesoriagarciabernal.es\/?page_id=106"},"modified":"2016-01-27T21:47:06","modified_gmt":"2016-01-27T20:47:06","slug":"otros-servicios","status":"publish","type":"page","link":"https:\/\/www.asesoriagarciabernal.es\/?page_id=106","title":{"rendered":"Otros Servicios"},"content":{"rendered":"<ul>\n<li>Prevenci\u00f3n de Riesgos Laborales (PRL).<\/li>\n<li>Ley Org\u00e1nica de Protecci\u00f3n de Datos (LOPD).<\/li>\n<li>Administraci\u00f3n de fincas.<\/li>\n<li>Agencias de seguros.<\/li>\n<li>Gesti\u00f3n de deudas.<\/li>\n<li>Confecci\u00f3n de facturas.<\/li>\n<li>Tramitaci\u00f3n de subvenciones.<\/li>\n<li>Asistencia en representaci\u00f3n ante el C.M.A.C.<\/li>\n<li>Capitalizaci\u00f3n de la prestaci\u00f3n por desempleo.<\/li>\n<li>Certificados de estar al corriente (Hacienda, Seguridad Social, Junta de Andaluc\u00eda\u2026).<\/li>\n<li>Recogida y entrega de documentaci\u00f3n.<\/li>\n<li>Declaraciones de la renta a particulares.<\/li>\n<\/ul>\n","protected":false},"excerpt":{"rendered":"<p>Prevenci\u00f3n de Riesgos Laborales (PRL). Ley Org\u00e1nica de Protecci\u00f3n de Datos (LOPD). Administraci\u00f3n de fincas. Agencias de seguros. Gesti\u00f3n de deudas. Confecci\u00f3n de facturas. Tramitaci\u00f3n de subvenciones. Asistencia en representaci\u00f3n ante el C.M.A.C. Capitalizaci\u00f3n de la prestaci\u00f3n por desempleo. Certificados de estar al corriente (Hacienda, Seguridad Social, Junta de Andaluc\u00eda\u2026). Recogida y entrega de documentaci\u00f3n.&nbsp;<\/p>\n<p><a class=\"btn btn-success btn-lg\" href=\"https:\/\/www.asesoriagarciabernal.es\/?page_id=106\">Continue Reading &rarr;<\/a><\/p>\n","protected":false},"author":3,"featured_media":0,"parent":0,"menu_order":0,"comment_status":"closed","ping_status":"closed","template":"page-fullwidth.php","meta":{"footnotes":""},"_links":{"self":[{"href":"https:\/\/www.asesoriagarciabernal.es\/index.php?rest_route=\/wp\/v2\/pages\/106"}],"collection":[{"href":"https:\/\/www.asesoriagarciabernal.es\/index.php?rest_route=\/wp\/v2\/pages"}],"about":[{"href":"https:\/\/www.asesoriagarciabernal.es\/index.php?rest_route=\/wp\/v2\/types\/page"}],"author":[{"embeddable":true,"href":"https:\/\/www.asesoriagarciabernal.es\/index.php?rest_route=\/wp\/v2\/users\/3"}],"replies":[{"embeddable":true,"href":"https:\/\/www.asesoriagarciabernal.es\/index.php?rest_route=%2Fwp%2Fv2%2Fcomments&post=106"}],"version-history":[{"count":1,"href":"https:\/\/www.asesoriagarciabernal.es\/index.php?rest_route=\/wp\/v2\/pages\/106\/revisions"}],"predecessor-version":[{"id":107,"href":"https:\/\/www.asesoriagarciabernal.es\/index.php?rest_route=\/wp\/v2\/pages\/106\/revisions\/107"}],"wp:attachment":[{"href":"https:\/\/www.asesoriagarciabernal.es\/index.php?rest_route=%2Fwp%2Fv2%2Fmedia&parent=106"}],"curies":[{"name":"wp","href":"https:\/\/api.w.org\/{rel}","templated":true}]}}